7080?
0
What is the hundred thousands digit of 16902660?
9
What is the ten thousands digit of 2994574?
9
What is the units digit of 7235985?
5
What is the units digit of 725019?
9
What is the hundred thousands digit of 25774933?
7
What is the thousands digit of 72918?
2
What is the ten thousands digit of 240414?
4
What is the tens digit of 220282?
8
What is the hundred thousands digit of 108951?
1
What is the ten thousands digit of 4658819?
5
What is the hundreds digit of 3544883?
8
What is the hundred thousands digit of 334902?
3
What is the ten thousands digit of 8210731?
1
What is the millions digit of 20070142?
0
What is the tens digit of 255941?
4
What is the ten thousands digit of 74332?
7
What is the ten thousands digit of 4787724?
8
What is the ten thousands digit of 1960028?
6
What is the tens digit of 104610?
1
What is the thousands digit of 17654287?
4
What is the units digit of 424463?
3
What is the hundred thousands digit of 280953?
2
What is the tens digit of 7566136?
3
What is the millions digit of 5989054?
5
What is the units digit of 991048?
8
What is the thousands digit of 159003?
9
What is the units digit of 2635466?
6
What is the hundreds digit of 916777?
7
What is the thousands digit of 1052331?
2
What is the units digit of 2617460?
0
What is the tens digit of 31549565?
6
What is the ten thousands digit of 873867?
7
What is the thousands digit of 579767?
9
What is the tens digit of 155566?
6
What is the tens digit of 6950250?
5
What is the tens digit of 215170?
7
What is the thousands digit of 613020?
3
What is the ten thousands digit of 208183?
0
What is the ten thousands digit of 249602?
4
What is the millions digit of 6987969?
6
What is the tens digit of 164622?
2
What is the units digit of 6956070?
0
What is the thousands digit of 374126?
4
What is the units digit of 21796259?
9
What is the hundred thousands digit of 304530?
3
What is the ten thousands digit of 2357948?
5
What is the hundreds digit of 57972?
9
What is the thousands digit of 336512?
6
What is the units digit of 956420?
0
What is the tens digit of 248225?
2
What is the ten thousands digit of 6389286?
8
What is the tens digit of 32791?
9
What is the units digit of 10381911?
1
What is the ten thousands digit of 33483?
3
What is the tens digit of 6248125?
2
What is the ten thousands digit of 78662?
7
What is the hundred thousands digit of 438005?
4
What is the millions digit of 2584696?
2
What is the ten thousands digit of 520135?
2
What is the units digit of 142408?
8
What is the ten thousands digit of 11451579?
5
What is the ten thousands digit of 237676?
3
What is the ten thousands digit of 650880?
5
What is the units digit of 10623809?
9
What is the ten thousands digit of 317227?
1
What is the units digit of 555361?
1
What is the hundred thousands digit of 521007?
5
What is the hundreds digit of 29592314?
3
What is the ten thousands digit of 279023?
7
What is the ten thousands digit of 1355386?
5
What is the units digit of 1290368?
8
What is the units digit of 406583?
3
What is the ten thousands digit of 4331885?
3
What is the thousands digit of 3301172?
1
What is the hundreds digit of 904021?
0
What is the ten thousands digit of 262138?
6
What is the ten thousands digit of 533468?
3
What is the hundred thousands digit of 126256?
1
What is the millions digit of 2361103?
2
What is the thousands digit of 2062481?
2
What is the hundred thousands digit of 187383?
1
What is the ten millions digit of 17589429?
1
What is the hundreds digit of 77602?
6
What is the hundreds digit of 76121?
1
What is the hundred thousands digit of 1446528?
4
What is the millions digit of 2072359?
2
What is the hundred thousands digit of 298438?
2
What is the hundred thousands digit of 244095?
2
What is the ten millions digit of 24831670?
2
What is the units digit of 2616470?
0
What is the millions digit of 2620648?
2
What is the units digit of 871255?
5
What is the millions digit of 13452948?
3
What is the thousands digit of 2883673?
3
What is the hundreds digit of 759152?
1
What is the hundreds digit of 422296?
2
What is the ten thousands digit of 605995?
0
What is the units digit of 466408?
8
What is the ten thousands digit of 14836463?
3
What is the hundred thousands digit of 307091?
3
What is the millions digit of 1800482?
1
What is the tens digit of 20959082?
8
What is the thousands digit of 27699766?
9
What is the thousands digit of 26293?
6
What is the ten thousands digit of 3330842?
3
What is the ten millions digit of 11163618?
1
What is the tens digit of 6388668?
6
What is the hundreds digit of 35523?
5
What is the units digit of 1458424?
4
What is the tens digit of 351565?
6
What is the units digit of 9328313?
3
What is the millions digit of 8549772?
8
What is the ten thousands digit of 1229152?
2
What is the thousands digit of 10221840?
1
What is the units digit of 3073208?
8
What is the thousands digit of 50451?
0
What is the hundreds digit of 398009?
0
What is the hundreds digit of 118665?
6
What is the tens digit of 9704585?
8
What is the hundreds digit of 108976?
9
What is the tens digit of 3826090?
9
What is the hundreds digit of 9758064?
0
What is the thousands digit of 635090?
5
What is the hundreds digit of 573491?
4
What is the hundred thousands digit of 4354601?
3
What is the thousands digit of 1749556?
9
What is the tens digit of 826708?
0
What is the hundreds digit of 209422?
4
What is the ten thousands digit of 7632310?
3
What is the units digit of 86963?
3
What is the ten thousands digit of 511970?
1
What is the units digit of 104274?
4
What is the thousands digit of 1018172?
8
What is the millions digit of 1849330?
1
What is the tens digit of 2710161?
6
What is the hundreds digit of 360909?
9
What is the millions digit of 1680767?
1
What is the units digit of 329285?
5
What is the thousands digit of 23796008?
6
What is the millions digit of 2267635?
2
What is the thousands digit of 297413?
7
What is the ten thousands digit of 359841?
5
What is the units digit of 15370333?
3
What is the thousands digit of 198797?
8
What is the hundred thousands digit of 203680?
2
What is the tens digit of 32134?
3
What is the tens digit of 1587145?
4
What is the ten thousands digit of 493691?
9
What is the tens digit of 141592?
9
What is the hundred thousands digit of 8636008?
6
What is the units digit of 107831?
1
What is the hundred thousands digit of 12548414?
5
What is the units digit of 2745659?
9
What is the thousands digit of 47379?
7
What is the ten thousands digit of 350395?
5
What is the hundred thousands digit of 9032147?
0
What is the tens digit of 2416745?
4
What is the hundreds digit of 121277?
2
What is the ten thousands digit of 6821717?
2
What is the hundred thousands digit of 295806?
2
What is the hundreds digit of 216310?
3
What is the ten thousands digit of 3796278?
9
What is the hundred thousands digit of 914562?
9
What is the hundred thousands digit of 576942?
5
What is the tens digit of 3904084?
8
What is the millions digit of 1026365?
1
What is the hundred thousands digit of 511398?
5
What is the units digit of 7511541?
1
What is the millions digit of 1336163?
1
What is the tens digit of 55046?
4
What is the ten thousands digit of 2788334?
8
What is the hundreds digit of 176998?
9
What is the thousands digit of 1458455?
8
What is the thousands digit of 215657?
5
What is the units digit of 1514942?
2
What is the units digit of 118806?
6
What is the units digit of 1199521?
1
What is the units digit of 3635429?
9
What is the units digit of 2920269?
9
What is the hundred thousands digit of 791826?
7
What is the ten thousands digit of 516507?
1
What is the thousands digit of 199025?
9
What is the units digit of 2072568?
8
What is the tens digit of 31367937?
3
What is the tens digit of 738828?
2
What is the hundred thousands digit of 7630406?
6
What is the thousands digit of 16445438?
5
What is the units digit of 4478095?
5
What is the thousands digit of 2031618?
1
What is the tens digit of 57116?
1
What is the units digit of 2006818?
8
What is the ten thousands digit of 1612092?
1
What is the thousands digit of 3328229?
8
What is the hundred thousands digit of 796668?
7
What is the ten thousands digit of 505514?
0
What is the tens digit of 1123754?